e greatest common divisor of 51019 and 52323?
163
What is the highest common factor of 542839 and 31537?
671
Calculate the highest common divisor of 252 and 49402164.
84
Calculate the greatest common factor of 274674090 and 1590.
1590
Calculate the highest common factor of 66146793 and 11539.
1049
Calculate the highest common factor of 4415571 and 63.
9
What is the greatest common factor of 394030 and 532?
14
Calculate the highest common divisor of 33048 and 1164456.
1944
Calculate the highest common factor of 73258297 and 1491.
497
Calculate the greatest common divisor of 22657922 and 702674.
13258
Calculate the highest common factor of 33455225 and 575.
575
What is the highest common divisor of 181848294 and 1674?
1674
Calculate the highest common factor of 15708 and 3085313.
1309
Calculate the highest common factor of 22199106 and 76.
38
What is the highest common factor of 1332 and 233365956?
444
What is the greatest common divisor of 20364220 and 35500?
1420
What is the highest common divisor of 217 and 3893848?
217
What is the highest common factor of 369966 and 237?
3
What is the highest common factor of 29 and 555859849?
29
What is the greatest common divisor of 5572795 and 1045?
95
What is the greatest common divisor of 167464035 and 315?
45
Calculate the highest common divisor of 14072929 and 39.
13
What is the highest common factor of 187787470 and 442?
26
What is the greatest common divisor of 652465242 and 1926?
1926
Calculate the highest common divisor of 6390254 and 559182.
2782
What is the highest common factor of 38715 and 94569?
87
What is the highest common divisor of 810676218 and 22?
22
Calculate the highest common factor of 328 and 2815921.
41
Calculate the greatest common factor of 67361 and 1281.
7
What is the highest common divisor of 7618445 and 1595?
145
Calculate the greatest common divisor of 11484 and 51452148.
3828
Calculate the greatest common divisor of 1233 and 201941973.
1233
Calculate the highest common factor of 12776546 and 552.
46
Calculate the highest common divisor of 140 and 176684.
4
Calculate the highest common factor of 370546 and 451.
11
What is the greatest common factor of 272486 and 649686?
82
Calculate the greatest common divisor of 37800 and 1017325.
25
What is the highest common factor of 862342 and 481?
13
What is the highest common divisor of 420468540 and 240?
60
Calculate the greatest common factor of 2367881 and 34662.
53
Calculate the highest common divisor of 575955 and 375.
15
Calculate the highest common divisor of 113388 and 522684.
12
What is the greatest common factor of 120 and 14886615?
15
What is the highest common divisor of 2570 and 99302744?
514
Calculate the highest common divisor of 39515 and 390880.
35
What is the greatest common divisor of 153725 and 577225?
275
What is the highest common factor of 13661217 and 51?
51
Calculate the greatest common factor of 535927 and 7.
7
What is the greatest common divisor of 54468 and 408?
204
What is the greatest common factor of 5491921 and 142?
71
Calculate the greatest common factor of 179281287 and 3177.
3177
What is the highest common divisor of 226 and 99472431?
113
What is the highest common factor of 752546 and 93686?
278
Calculate the highest common factor of 3585522 and 1581.
93
What is the highest common factor of 133171987 and 1378?
689
Calculate the highest common divisor of 1507168 and 6292.
52
What is the highest common divisor of 163854087 and 538?
269
What is the greatest common divisor of 20840 and 33401310?
5210
Calculate the highest common divisor of 995126 and 506.
22
Calculate the greatest common divisor of 1421 and 503578243.
1421
What is the greatest common divisor of 5315086 and 42?
14
Calculate the highest common factor of 5618739 and 483.
483
What is the greatest common factor of 10482 and 111055043?
1747
Calculate the greatest common factor of 16631179 and 1.
1
What is the greatest common factor of 88510167 and 1503?
1503
Calculate the highest common divisor of 32941839 and 285.
57
Calculate the greatest common divisor of 838864 and 1012024.
3848
Calculate the highest common factor of 2205573 and 201.
201
What is the highest common factor of 260 and 1648385?
5
Calculate the greatest common divisor of 284 and 8515456.
284
What is the highest common factor of 326 and 149689583?
163
What is the greatest common factor of 713 and 4943291?
31
Calculate the greatest common factor of 128116296 and 12.
12
Calculate the greatest common divisor of 434433 and 835697.
809
Calculate the highest common divisor of 1972824 and 840.
168
Calculate the highest common factor of 232481 and 4979.
383
What is the highest common divisor of 8 and 20794944?
8
What is the greatest common factor of 13720 and 36691200?
1960
Calculate the highest common factor of 63630 and 629730.
90
Calculate the greatest common divisor of 35948 and 305976.
836
Calculate the greatest common divisor of 266679 and 70329.
357
What is the highest common factor of 63052749 and 405?
81
What is the greatest common factor of 1624 and 5101628?
28
Calculate the highest common factor of 603044400 and 136.
136
What is the highest common divisor of 13162458 and 732?
366
Calculate the greatest common divisor of 402 and 23979702.
402
What is the greatest common divisor of 7377067 and 734?
367
What is the highest common divisor of 125 and 230142125?
125
What is the highest common factor of 21172 and 9507501?
67
Calculate the highest common factor of 120184 and 15591384.
664
Calculate the greatest common divisor of 11746625 and 1375.
1375
Calculate the highest common divisor of 31206392 and 224.
56
What is the highest common factor of 627050 and 6700?
50
Calculate the greatest common divisor of 725 and 16278425.
725
What is the highest common factor of 4 and 667784188?
4
Calculate the greatest common divisor of 11613336 and 840.
168
What is the highest common factor of 66793 and 7716556?
3929
What is the highest common divisor of 3015 and 70702353?
603
Calculate the highest common factor of 10708476 and 2.
2
Calculate the greatest common factor of 26890394 and 172.
86
Calculate the greatest common divisor of 186 and 297073.
31
What is the greatest common divisor of 297611978 and 213?
71
Calculate the greatest common factor of 1790300230 and 13610.
13610
What is the highest common factor of 11204 and 2086?
2
Calculate the greatest common factor of 1950497250 and 2964.
1482
Calculate the highest common factor of 40890 and 5566985.
145
What is the greatest common factor of 24868 and 170003865?
6217
What is the highest common divisor of 1120820 and 430?
10
Calculate the greatest common factor of 20 and 2430816940.
20
Calculate the greatest common divisor of 21209931 and 306.
153
Calculate the greatest common factor of 15184 and 3191487.
949
What is the greatest common divisor of 136276 and 1545194?
2198
Calculate the greatest common divisor of 34045660 and 88.
44
Calculate the highest common factor of 5801374 and 10978.
998
Calculate the greatest common divisor of 215413670 and 59460.
9910
What is the highest common divisor of 16423138 and 6835?
1367
What is the highest common divisor of 35931 and 1176182?
203
Calculate the greatest common divisor of 400 and 21750160.
80
What is the highest common divisor of 5590323 and 108?
27
What is the highest common factor of 203796 and 1570392?
612
What is the greatest common divisor of 334578700 and 11500?
2300
Calculate the highest common divisor of 9054640 and 1311.
437
Calculate the greatest common factor of 304 and 72821072.
304
Calculate the highest common factor of 523560 and 760.
40
Calculate the greatest common factor of 121619988 and 6156.
2052
What is the greatest common divisor of 10041333 and 5499129?
12759
What is the greatest common factor of 2680 and 4019720?
40
What is the highest common divisor of 275 and 337175?
25
What is the highest common factor of 45 and 408498345?
45
Calculate the highest common divisor of 63277337 and 479.
479
What is the greatest common divisor of 6 and 5784162?
6
What is the highest common divisor of 37486305 and 277065?
5895
Calculate the greatest common factor of 234198 and 1206.
18
What is the greatest common factor of 1136 and 117535388?
284
What is the highest common divisor of 21